38 = 0, 3*l + 96 = 2*r - o*l. What is the greatest common factor of 6 and r?
6
Suppose -3*u - 2*x + 219 = -297, 0 = -x + 3. Let s = 13 - -21. Calculate the highest common divisor of u and s.
34
Let c(g) = g + 2. Let m be c(-1). Let s be 7/(m + 3/(-6)). What is the highest common divisor of 28 and s?
14
Let w = -1 + 7. Suppose 5*u + 38 = -5*j + j, -3*u - j - 20 = 0. Let b be 2 + u*(-26)/3. What is the highest common factor of b and w?
6
Let l(c) = -c + 11. Let i be l(7). Suppose -5*w = -i*w - 18. What is the greatest common divisor of w and 18?
18
Let k = -4 + -6. Let o = -8 - k. Let r be 4 + -1 + 42/o. What is the highest common factor of r and 3?
3
Suppose 19*s = 16*s + 126. What is the highest common divisor of 14 and s?
14
Suppose -p + 2*p + 2 = -r, p = 2*r + 1. Let l be (-10)/(-15)*(p - 2). Let c be l/(-4) + 645/10. What is the highest common divisor of c and 13?
13
Let u(y) = -4*y + 6. Let k be u(0). Calculate the highest common factor of k and 3.
3
Let p be (-1 - -1) + (39 - 3). Suppose 4*j - 6*j = 4*y - p, 0 = y - 2*j - 4. What is the greatest common factor of 2 and y?
2
Suppose 3*q + 3 - 18 = 0. Suppose -186 = 5*i - 3*m - 882, -q*i + 4*m = -698. Calculate the highest common factor of i and 23.
23
Let x be (-28)/(-3)*(-3 + (-105)/(-10)). Let s(i) = -i**3 - 2*i**2 - 3*i - 4. Let a be s(-3). Calculate the highest common factor of x and a.
14
Let w = 19 - 12. What is the highest common factor of w and 21?
7
Let l be 2/(-9) + (-65)/(-9). Suppose 3*v + 1 - l = 0. Suppose -71 - 9 = -v*u. Calculate the highest common factor of u and 16.
8
Let q be 32/48*42*2. Calculate the highest common factor of 84 and q.
28
Let c = 253 - 113. Suppose 5*u - 4*y = -470, -100 = u + y - 3*y. Let f = u + c. What is the highest common divisor of 20 and f?
10
Suppose 0 = 3*a + 9, 51 = y - 2*a + a. What is the highest common factor of 32 and y?
16
Let j = -133 - -223. Suppose 0 = 5*o + 25 - j. What is the highest common divisor of 39 and o?
13
Suppose -4*t = -2*t. Let y be (-9)/(-3 + 2) + t. What is the greatest common divisor of y and 6?
3
Suppose -22 = -d - 2*s, 3*d - 3*s = 2*s + 33. What is the highest common factor of d and 128?
16
Let k = 419 + -235. What is the highest common divisor of 23 and k?
23
Suppose -2*w = -7 + 1. Let d = 76 - 10. Suppose -3*n + 5*a = -99, -n - n - 2*a + d = 0. What is the highest common factor of n and w?
3
Let l(v) = v**3 + 13*v**2 - 2. Let c be l(-13). Let b be (-6)/12 + (-289)/c. What is the highest common divisor of b and 18?
18
Let w = 71 + -8. Let v be 61/7 + (8/14)/2. What is the highest common divisor of v and w?
9
Let w = -6 - -75. Suppose -5*p + w = -2*p. Calculate the highest common divisor of 253 and p.
23
Let r be 24*((-32)/(-12))/4. Suppose -32 = -s + r. Calculate the highest common factor of 16 and s.
16
Let r(d) be the second derivative of -d**5/20 - d**4/6 + d**3/6 + d. Let x be r(-3). What is the highest common divisor of x and 6?
6
Let f = 3 + 11. Let u be (196/(-6))/((-4)/12). Calculate the greatest common factor of u and f.
14
Let q be (-2)/11 + 784/77. Let g(b) = -5*b**2 + 0*b**3 + 1 - 3 - 3*b**3. Let w be g(-4). Calculate the highest common factor of q and w.
10
Let l = -85 + 149. Calculate the greatest common factor of 8 and l.
8
Let b(i) = -2*i. Let k be b(-2). Suppose k - 8 = -c. Suppose 5*u - 3*o - 21 = -9, c*o - 4 = 0. What is the greatest common divisor of 3 and u?
3
Let w = -3 - -12. Let d = -408 - -480. What is the greatest common divisor of d and w?
9
Let h(d) = -4*d + 2. Let t be (-28)/16 - (-1)/(-4). Let w be h(t). Calculate the greatest common divisor of w and 50.
10
Suppose -3*m - 8 = -146. Let l(j) = -37*j**3 + 3*j**2 + j. Let u be l(-2). Suppose 4*b - u = m. What is the greatest common divisor of b and 8?
8
Suppose 0 = 4*g - 5*g + 2*i + 2, -4*g = -2*i - 32. What is the highest common divisor of g and 10?
10
Let m(r) = -r**2 + 5*r + 3. Let o be -3*1*(-16)/12. Let f be m(o). Suppose 5*i - w - 285 = 0, 0*w + 25 = -5*w. What is the highest common divisor of f and i?
7
Let j be 37 - 14 - 2*1. What is the highest common factor of 147 and j?
21
Let v be (4 - 3)*(3 + 27). What is the greatest common divisor of 15 and v?
15
Suppose 2*z = 6*z - 128. Suppose -47 = -5*u + 33. What is the greatest common divisor of z and u?
16
Let o(s) = s**3 + 10*s**2 + 10*s + 11. Let y be o(-9). Let l be (-124)/(-10) - y/5. Let k be 1/(-2 - (-26)/l). Calculate the highest common divisor of k and 2.
2
Let z(i) = 9*i + 14. Let g be z(-6). Let r be g/(-2) + 0/(-1). What is the greatest common factor of 10 and r?
10
Let b be (-1)/5 + (-31)/(-5). What is the highest common factor of 54 and b?
6
Let s = 156 - 88. Calculate the highest common divisor of 17 and s.
17
Let c(u) = u**3 + 3*u**2 - 4*u + 3. Let i be c(-4). What is the greatest common divisor of 3 and i?
3
Suppose 20 = 5*a, u = -4*u - a + 49. Let z = -49 + 130. What is the greatest common factor of u and z?
9
Suppose o - 3 = i + 1, -4*i = 4*o - 24. Suppose g + 4*d = 2*g - 24, -o*g = d - 99. Calculate the highest common divisor of g and 20.
20
Let v be 4/(-8) - 126/(-12). What is the greatest common divisor of v and 55?
5
Suppose -4*w + 4*c - 4 = 0, -4*c + 21 = 3*w - c. Let d = 2 + w. Suppose d*v - 25 + 5 = 0. Calculate the highest common factor of v and 32.
4
Let u(l) = -l**3 - 16*l**2 - 28*l + 15. Let i be u(-14). Suppose 4*d - 2*t - 118 = 0, -t - 13 - 16 = -d. Calculate the highest common divisor of i and d.
15
Let u(a) = a**3 + 8*a**2 - 11*a - 10. Let c be u(-9). Calculate the highest common factor of 16 and c.
8
Let o(v) = 3*v**2 - 3*v. Let j be o(2). Suppose -a = 2*a - 39. Let b = a - 9. What is the greatest common divisor of b and j?
2
Suppose -5*q = 2*w + 8, 4*q + 2 = -2*w - 4. Calculate the highest common divisor of 7 and w.
1
Let z be 6 + 0 + -1 - (16 - 13). What is the greatest common factor of 22 and z?
2
Suppose b = 5*y - y + 60, 2*y - 3*b = -30. Let f be 81/15 + 6/y. What is the greatest common factor of 25 and f?
5
Suppose 0 = h + h + x - 18, 6 = -3*x. Let q(u) = -u**2 - 5*u + 1. Let w be q(-7). Let o = 57 - w. What is the highest common factor of o and h?
10
Suppose -2*d + 66 = 2*w - 56, 5*d - 303 = -3*w. Suppose 0*r + d = 3*r. Let s be (-76 + -3)/(-1) - -1. What is the highest common divisor of r and s?
20
Suppose -6*v = -193 - 401. Calculate the highest common factor of 11 and v.
11
Suppose 0*u - 19 = -u. Suppose 3*m = 3*f - 327, 3*m = 2*f - 2*m - 203. What is the highest common factor of u and f?
19
Let q(l) = 11 + 21*l**2 + 7*l - 4*l - 20*l**2 + 3*l. Let n be q(-10). Calculate the highest common divisor of 17 and n.
17
Let k = 6 - 6. Let i be 18/3 - k - 0. What is the greatest common factor of i and 54?
6
Suppose x = 5*o - 49, -5*o = 4*x + 89 - 18. Let p = x - -87. Calculate the greatest common factor of 7 and p.
7
Suppose 64 = 4*i - 0*i. Let o(l) = 2*l**2 - 7*l + 6. Let v be o(5). Let y be (-4)/3*v/(-14). What is the greatest common divisor of i and y?
2
Suppose m - 22 - 48 = 0. What is the greatest common divisor of 7 and m?
7
Let t(m) = m**2 + 4 - 10*m + 2 + 0*m**2 + 0*m**2. Let l be t(8). Let h(v) = v**2 + 9*v - 1. Let i be h(l). What is the highest common divisor of i and 1?
1
Let r(f) = -f**3 - 7*f**2 - 2*f - 5. Let v be r(-7). Let u = -4 - -13. Suppose 2*x + 8 = c - u, -14 = -2*c - x. What is the greatest common divisor of v and c?
9
Let z(g) = 2*g. Let d be (4*2)/(-2 - -1). Let l = -2 - d. Let p be z(l). What is the highest common divisor of p and 4?
4
Let z be 56/24*(17 + 1). What is the highest common divisor of 6 and z?
6
Let c(b) = b**3 + 13*b**2 - 5*b - 19. Let p be c(-13). Calculate the highest common divisor of p and 506.
46
Suppose 4*f - 6 - 7 = o, -3*o - 15 = 0. Suppose 4*y = 3*w - 138, -f*w = -w - 3*y - 51. Calculate the highest common factor of w and 63.
21
Suppose -x + 0*x = 0. Suppose -3*d + x + 37 = 2*l, -5*d - 4*l = -59. Let k be (105/14)/(2/8). Calculate the highest common factor of d and k.
15
Suppose 0 = -u - 0*u - 3. Let b be 9/u*(-4)/(-3). Let h(n) = n**3 + 4*n**2 - 4*n - 5. Let m be h(b). Calculate the highest common factor of m and 44.
11
Let c(g) = 2*g**2 - 10*g + 5. Let f be c(9). Suppose -7 = -2*s + 3. Suppose 33 = 4*a + s. Calculate the greatest common factor of a and f.
7
Suppose 5*b - 3 = -28, 4*w + 5*b = -25. L